highest common divisor of 84967312 and 688.
688
What is the greatest common divisor of 84 and 913628856?
84
What is the greatest common factor of 2468840 and 152?
8
Calculate the greatest common divisor of 508263519 and 537.
537
Calculate the highest common divisor of 594 and 492806094.
66
What is the highest common factor of 2248608 and 1392?
48
What is the highest common factor of 18618977 and 13745?
2749
What is the greatest common divisor of 2686494 and 24?
6
Calculate the highest common divisor of 1265 and 203620.
5
What is the greatest common divisor of 2415 and 106878723?
483
What is the greatest common factor of 908866521 and 7317?
7317
Calculate the greatest common divisor of 219456 and 1856.
64
Calculate the highest common divisor of 15 and 34168863.
3
What is the greatest common divisor of 7368 and 7991517?
921
What is the greatest common divisor of 191541 and 749?
7
What is the greatest common divisor of 1325060 and 6840?
380
What is the highest common factor of 71790858 and 36?
18
What is the highest common divisor of 2305633 and 1275158?
877
What is the greatest common factor of 170330048 and 336?
112
Calculate the highest common divisor of 68 and 4888707.
17
Calculate the highest common divisor of 1777860 and 135765.
315
Calculate the highest common divisor of 5492807 and 543.
181
Calculate the greatest common factor of 506858 and 13970.
22
Calculate the highest common factor of 1036468 and 122.
2
Calculate the greatest common divisor of 2514 and 703405887.
1257
What is the highest common divisor of 425 and 186473?
17
Calculate the highest common factor of 6354140 and 169.
13
What is the highest common divisor of 29799912 and 1768?
136
What is the greatest common divisor of 5229 and 4784950?
83
What is the highest common divisor of 38679485 and 1430?
65
What is the highest common factor of 644280 and 26019?
1239
Calculate the highest common factor of 148600 and 1483150.
50
What is the highest common factor of 84904 and 140?
4
What is the highest common factor of 1716 and 13686?
6
Calculate the highest common divisor of 654138114 and 84.
42
What is the highest common factor of 1219353 and 25429?
59
Calculate the highest common divisor of 18 and 2924953866.
18
What is the highest common divisor of 67 and 16713485?
67
Calculate the highest common factor of 6758 and 316.
2
Calculate the greatest common divisor of 71 and 1345379.
71
Calculate the highest common divisor of 15059513 and 6125.
49
What is the highest common factor of 105813903 and 39?
39
Calculate the highest common factor of 40 and 67505.
5
What is the highest common divisor of 46587 and 2414613?
879
Calculate the greatest common divisor of 20 and 50945390.
10
Calculate the highest common factor of 551192076 and 15672.
7836
What is the highest common divisor of 178058291 and 304?
19
What is the highest common factor of 3575 and 5343?
13
Calculate the greatest common divisor of 12280642 and 21472.
1342
What is the greatest common divisor of 19019 and 235125?
209
What is the greatest common factor of 59046 and 29874?
78
Calculate the greatest common factor of 1239836 and 254137.
1469
Calculate the highest common divisor of 30 and 2286880.
10
Calculate the highest common factor of 66309 and 19251.
2139
Calculate the greatest common divisor of 1835 and 18757737.
367
Calculate the greatest common factor of 854597625 and 859.
859
Calculate the highest common factor of 37367 and 637131.
473
What is the greatest common factor of 29527728 and 144?
48
Calculate the highest common divisor of 1550590 and 490.
10
Calculate the greatest common divisor of 1792 and 362.
2
Calculate the highest common factor of 997975 and 568150.
275
Calculate the greatest common factor of 1650688 and 240448.
832
What is the highest common factor of 28246 and 2884988?
974
What is the highest common factor of 381632240 and 8?
8
What is the greatest common divisor of 34573 and 107638321?
3143
Calculate the greatest common divisor of 3975524 and 1312.
164
Calculate the greatest common divisor of 752 and 3743174.
94
Calculate the highest common factor of 478538 and 144509.
2369
Calculate the highest common factor of 76069893 and 159.
159
What is the greatest common divisor of 96 and 7452348?
12
What is the greatest common factor of 67 and 32317?
1
What is the highest common factor of 868 and 48155772?
868
Calculate the greatest common factor of 2383 and 40346573.
2383
What is the greatest common divisor of 80 and 187143664?
16
What is the highest common divisor of 1123235 and 4188815?
4055
What is the greatest common divisor of 12395 and 5991743?
2479
What is the highest common divisor of 152 and 1707232?
8
What is the highest common factor of 372 and 872960?
124
What is the highest common factor of 104100357 and 11268?
939
Calculate the highest common factor of 3444 and 582547680.
492
Calculate the greatest common factor of 10 and 2002905.
5
Calculate the highest common factor of 796 and 16306259.
199
What is the highest common divisor of 12665 and 2254710?
85
Calculate the greatest common divisor of 815 and 1468793.
163
What is the highest common divisor of 176 and 51369901?
11
Calculate the highest common divisor of 3790138 and 66.
22
Calculate the greatest common factor of 306017 and 731.
17
Calculate the highest common divisor of 2151677 and 473.
473
Calculate the greatest common factor of 16136 and 960200918.
4034
Calculate the highest common divisor of 78364608 and 91416.
7032
Calculate the highest common divisor of 3284956 and 131.
131
Calculate the highest common divisor of 152337 and 20793.
87
Calculate the highest common factor of 3338046 and 1368.
18
Calculate the highest common divisor of 3227 and 990701908.
3227
What is the greatest common divisor of 4597936 and 160174?
9422
What is the highest common factor of 1960 and 441070?
70
Calculate the greatest common divisor of 122577 and 59787.
273
What is the highest common factor of 4905 and 29250150?
1635
What is the greatest common factor of 11 and 546066686?
11
Calculate the greatest common factor of 3471 and 337545.
39
What is the greatest common factor of 3197 and 1401676?
139
What is the greatest common factor of 15898083 and 1356?
339
What is the greatest common divisor of 420 and 11979996?
84
What is the greatest common divisor of 8901291 and 16758?
2793
What is the greatest common divisor of 36 and 4566764?
4
What is the highest common divisor of 1 and 47668399?
1
Calculate the greatest common factor of 480 and 164780000.
160
Calculate the highest common divisor of 19422 and 24339003.
3237
Calculate the greatest common divisor of 75996975 and 225.
75
Calculate the greatest common divisor of 249 and 104042326.
83
What is the greatest common divisor of 773637 and 4?
1
Calculate the greatest common factor of 4260215 and 156210.
635
What is the highest common divisor of 530 and 1422350?
10
Calculate the greatest common divisor of 197100 and 745476.
876
Calculate the greatest common factor of 56647 and 14333222.
1531
What is the highest common factor of 7876 and 4155664?
716
Calculate the greatest common factor of 288201925 and 275.
275
What is the greatest common factor of 511 and 152411?
7
Calculate the highest common divisor of 3710 and 1360155006.
742
Calculate the greatest common divisor of 2311 and 7790381.
2311
What is the highest common factor of 644397 and 1298962?
1271
Calculate the greatest common divisor of 1860 and 6263550.
930
What is the greatest common divisor of 24562650 and 447?
447
Calculate the highest common divisor of 11511981 and 356850.
7137
What is the highest common divisor of 31842 and 7598?
58
What is the highest common factor of 11 and 2206710638?
11
What is the greatest common factor of 10311 and 1770546?
1473
What is the greatest common divisor of 1572835 and 605?
55
Calculate the highest common divisor of 1715 and 17182928.
343
Calculate the highest common factor of 15915345 and 30.
15
What is the greatest common divisor of 5123554 and 2766?
922
What is the highest common factor of 523604 and 45046?
446
What is the greatest common factor of 7515 and 179685?
45
Calculate the highest common factor of 182 and 629732558.
182
Calculate the greatest common factor of 22605 and 85245.
15
What is the highest common 